{"id":4445,"date":"2017-10-16T13:19:15","date_gmt":"2017-10-16T11:19:15","guid":{"rendered":"http:\/\/www.ateliersiebold.ch\/?page_id=4445"},"modified":"2019-08-09T12:13:30","modified_gmt":"2019-08-09T10:13:30","slug":"home","status":"publish","type":"page","link":"https:\/\/www.ateliersiebold.ch\/en\/","title":{"rendered":"Home"},"content":{"rendered":"<section class=\"wpb-content-wrapper\"><p>[vc_row][vc_column reveal_effect=&#8221;fadeIn&#8221; css=&#8221;.vc_custom_1427983831827{padding-top: 40px !important;padding-bottom: 40px !important;}&#8221; reveal_delay=&#8221;0.3&#8243;][lab_heading title_tag=&#8221;H1&#8243; title=&#8221;Selected projects&#8221;]Some of the works in progress or carried out, not a exhaustive list.<\/p>\n<p>Updated 08 August 2019[\/lab_heading][\/vc_column][\/vc_row][vc_row][vc_column reveal_effect=&#8221;fadeIn&#8221; reveal_duration=&#8221;1&#8243; reveal_delay=&#8221;0.3&#8243;][lab_portfolio_items category_filter=&#8221;no&#8221; portfolio_type=&#8221;type-2&#8243; columns=&#8221;3&#8243; dynamic_image_height=&#8221;yes&#8221; pagination_type=&#8221;hide&#8221; portfolio_query=&#8221;size:All|order_by:date|post_type:portfolio&#8221;][\/vc_column][\/vc_row]<\/p>\n<\/section>","protected":false},"excerpt":{"rendered":"<p>[vc_row][vc_column reveal_effect=&#8221;fadeIn&#8221; css=&#8221;.vc_custom_1427983831827{padding-top: 40px !important;padding-bottom: 40px !important;}&#8221; reveal_delay=&#8221;0.3&#8243;][lab_heading title_tag=&#8221;H1&#8243; title=&#8221;Selected projects&#8221;]Some of the works in progress or carried out, not a exhaustive list. Updated 08 August 2019[\/lab_heading][\/vc_column][\/vc_row][vc_row][vc_column reveal_effect=&#8221;fadeIn&#8221; reveal_duration=&#8221;1&#8243; reveal_delay=&#8221;0.3&#8243;][lab_portfolio_items category_filter=&#8221;no&#8221; portfolio_type=&#8221;type-2&#8243; columns=&#8221;3&#8243; dynamic_image_height=&#8221;yes&#8221; pagination_type=&#8221;hide&#8221; portfolio_query=&#8221;size:All|order_by:date|post_type:portfolio&#8221;][\/vc_column][\/vc_row]<\/p>\n","protected":false},"author":1,"featured_media":0,"parent":0,"menu_order":0,"comment_status":"open","ping_status":"open","template":"","meta":{"_acf_changed":false,"footnotes":""},"class_list":["post-4445","page","type-page","status-publish","hentry"],"acf":[],"yoast_head":"<!-- This site is optimized with the Yoast SEO plugin v20.0 - https:\/\/yoast.com\/wordpress\/plugins\/seo\/ -->\n<title>Architecte Gen\u00e8ve, renovation, villa, loft, chateau, extension, appartement, maison<\/title>\n<meta name=\"description\" content=\"Architecte \u00e0 Gen\u00e8ve depuis 1993, renovation, villa, loft, chateau, extension, appartement, architecture moderne, protection du patrimoine, b\u00e2timent anciens.\" \/>\n<meta name=\"robots\" content=\"index, follow, max-snippet:-1, max-image-preview:large, max-video-preview:-1\" \/>\n<link rel=\"canonical\" href=\"https:\/\/www.ateliersiebold.ch\/en\/\" \/>\n<meta property=\"og:locale\" content=\"en_US\" \/>\n<meta property=\"og:type\" content=\"article\" \/>\n<meta property=\"og:title\" content=\"Architecte Gen\u00e8ve, renovation, villa, loft, chateau, extension, appartement, maison\" \/>\n<meta property=\"og:description\" content=\"Architecte \u00e0 Gen\u00e8ve depuis 1993, renovation, villa, loft, chateau, extension, appartement, architecture moderne, protection du patrimoine, b\u00e2timent anciens.\" \/>\n<meta property=\"og:url\" content=\"https:\/\/www.ateliersiebold.ch\/en\/\" \/>\n<meta property=\"og:site_name\" content=\"Atelier Siebold\" \/>\n<meta property=\"article:modified_time\" content=\"2019-08-09T10:13:30+00:00\" \/>\n<meta name=\"twitter:card\" content=\"summary_large_image\" \/>\n<script type=\"application\/ld+json\" class=\"yoast-schema-graph\">{\"@context\":\"https:\/\/schema.org\",\"@graph\":[{\"@type\":\"WebPage\",\"@id\":\"https:\/\/www.ateliersiebold.ch\/en\/\",\"url\":\"https:\/\/www.ateliersiebold.ch\/en\/\",\"name\":\"Architecte Gen\u00e8ve, renovation, villa, loft, chateau, extension, appartement, maison\",\"isPartOf\":{\"@id\":\"https:\/\/www.ateliersiebold.ch\/#website\"},\"datePublished\":\"2017-10-16T11:19:15+00:00\",\"dateModified\":\"2019-08-09T10:13:30+00:00\",\"description\":\"Architecte \u00e0 Gen\u00e8ve depuis 1993, renovation, villa, loft, chateau, extension, appartement, architecture moderne, protection du patrimoine, b\u00e2timent anciens.\",\"breadcrumb\":{\"@id\":\"https:\/\/www.ateliersiebold.ch\/en\/#breadcrumb\"},\"inLanguage\":\"en-US\",\"potentialAction\":[{\"@type\":\"ReadAction\",\"target\":[\"https:\/\/www.ateliersiebold.ch\/en\/\"]}]},{\"@type\":\"BreadcrumbList\",\"@id\":\"https:\/\/www.ateliersiebold.ch\/en\/#breadcrumb\",\"itemListElement\":[{\"@type\":\"ListItem\",\"position\":1,\"name\":\"Accueil\",\"item\":\"https:\/\/www.ateliersiebold.ch\/en\/\"},{\"@type\":\"ListItem\",\"position\":2,\"name\":\"Home\"}]},{\"@type\":\"WebSite\",\"@id\":\"https:\/\/www.ateliersiebold.ch\/#website\",\"url\":\"https:\/\/www.ateliersiebold.ch\/\",\"name\":\"Atelier Siebold\",\"description\":\"Architectes - Gen\u00e8ve\",\"potentialAction\":[{\"@type\":\"SearchAction\",\"target\":{\"@type\":\"EntryPoint\",\"urlTemplate\":\"https:\/\/www.ateliersiebold.ch\/?s={search_term_string}\"},\"query-input\":\"required name=search_term_string\"}],\"inLanguage\":\"en-US\"}]}<\/script>\n<!-- \/ Yoast SEO plugin. -->","yoast_head_json":{"title":"Architecte Gen\u00e8ve, renovation, villa, loft, chateau, extension, appartement, maison","description":"Architecte \u00e0 Gen\u00e8ve depuis 1993, renovation, villa, loft, chateau, extension, appartement, architecture moderne, protection du patrimoine, b\u00e2timent anciens.","robots":{"index":"index","follow":"follow","max-snippet":"max-snippet:-1","max-image-preview":"max-image-preview:large","max-video-preview":"max-video-preview:-1"},"canonical":"https:\/\/www.ateliersiebold.ch\/en\/","og_locale":"en_US","og_type":"article","og_title":"Architecte Gen\u00e8ve, renovation, villa, loft, chateau, extension, appartement, maison","og_description":"Architecte \u00e0 Gen\u00e8ve depuis 1993, renovation, villa, loft, chateau, extension, appartement, architecture moderne, protection du patrimoine, b\u00e2timent anciens.","og_url":"https:\/\/www.ateliersiebold.ch\/en\/","og_site_name":"Atelier Siebold","article_modified_time":"2019-08-09T10:13:30+00:00","twitter_card":"summary_large_image","schema":{"@context":"https:\/\/schema.org","@graph":[{"@type":"WebPage","@id":"https:\/\/www.ateliersiebold.ch\/en\/","url":"https:\/\/www.ateliersiebold.ch\/en\/","name":"Architecte Gen\u00e8ve, renovation, villa, loft, chateau, extension, appartement, maison","isPartOf":{"@id":"https:\/\/www.ateliersiebold.ch\/#website"},"datePublished":"2017-10-16T11:19:15+00:00","dateModified":"2019-08-09T10:13:30+00:00","description":"Architecte \u00e0 Gen\u00e8ve depuis 1993, renovation, villa, loft, chateau, extension, appartement, architecture moderne, protection du patrimoine, b\u00e2timent anciens.","breadcrumb":{"@id":"https:\/\/www.ateliersiebold.ch\/en\/#breadcrumb"},"inLanguage":"en-US","potentialAction":[{"@type":"ReadAction","target":["https:\/\/www.ateliersiebold.ch\/en\/"]}]},{"@type":"BreadcrumbList","@id":"https:\/\/www.ateliersiebold.ch\/en\/#breadcrumb","itemListElement":[{"@type":"ListItem","position":1,"name":"Accueil","item":"https:\/\/www.ateliersiebold.ch\/en\/"},{"@type":"ListItem","position":2,"name":"Home"}]},{"@type":"WebSite","@id":"https:\/\/www.ateliersiebold.ch\/#website","url":"https:\/\/www.ateliersiebold.ch\/","name":"Atelier Siebold","description":"Architectes - Gen\u00e8ve","potentialAction":[{"@type":"SearchAction","target":{"@type":"EntryPoint","urlTemplate":"https:\/\/www.ateliersiebold.ch\/?s={search_term_string}"},"query-input":"required name=search_term_string"}],"inLanguage":"en-US"}]}},"_links":{"self":[{"href":"https:\/\/www.ateliersiebold.ch\/en\/wp-json\/wp\/v2\/pages\/4445","targetHints":{"allow":["GET"]}}],"collection":[{"href":"https:\/\/www.ateliersiebold.ch\/en\/wp-json\/wp\/v2\/pages"}],"about":[{"href":"https:\/\/www.ateliersiebold.ch\/en\/wp-json\/wp\/v2\/types\/page"}],"author":[{"embeddable":true,"href":"https:\/\/www.ateliersiebold.ch\/en\/wp-json\/wp\/v2\/users\/1"}],"replies":[{"embeddable":true,"href":"https:\/\/www.ateliersiebold.ch\/en\/wp-json\/wp\/v2\/comments?post=4445"}],"version-history":[{"count":9,"href":"https:\/\/www.ateliersiebold.ch\/en\/wp-json\/wp\/v2\/pages\/4445\/revisions"}],"predecessor-version":[{"id":6816,"href":"https:\/\/www.ateliersiebold.ch\/en\/wp-json\/wp\/v2\/pages\/4445\/revisions\/6816"}],"wp:attachment":[{"href":"https:\/\/www.ateliersiebold.ch\/en\/wp-json\/wp\/v2\/media?parent=4445"}],"curies":[{"name":"wp","href":"https:\/\/api.w.org\/{rel}","templated":true}]}}

<!-- This site is optimized with the Yoast SEO plugin v20.0 - https://yoast.com/wordpress/plugins/seo/ -->
<title>Architecte Genève, renovation, villa, loft, chateau, extension, appartement, maison</title>
<meta name="description" content="Architecte à Genève depuis 1993, renovation, villa, loft, chateau, extension, appartement, architecture moderne, protection du patrimoine, bâtiment anciens." />
<meta name="robots" content="index, follow, max-snippet:-1, max-image-preview:large, max-video-preview:-1" />
<link rel="canonical" href="https://www.ateliersiebold.ch/en/" />
<meta property="og:locale" content="en_US" />
<meta property="og:type" content="article" />
<meta property="og:title" content="Architecte Genève, renovation, villa, loft, chateau, extension, appartement, maison" />
<meta property="og:description" content="Architecte à Genève depuis 1993, renovation, villa, loft, chateau, extension, appartement, architecture moderne, protection du patrimoine, bâtiment anciens." />
<meta property="og:url" content="https://www.ateliersiebold.ch/en/" />
<meta property="og:site_name" content="Atelier Siebold" />
<meta property="article:modified_time" content="2019-08-09T10:13:30+00:00" />
<meta name="twitter:card" content="summary_large_image" />
<script type="application/ld+json" class="yoast-schema-graph">{"@context":"https://schema.org","@graph":[{"@type":"WebPage","@id":"https://www.ateliersiebold.ch/en/","url":"https://www.ateliersiebold.ch/en/","name":"Architecte Genève, renovation, villa, loft, chateau, extension, appartement, maison","isPartOf":{"@id":"https://www.ateliersiebold.ch/#website"},"datePublished":"2017-10-16T11:19:15+00:00","dateModified":"2019-08-09T10:13:30+00:00","description":"Architecte à Genève depuis 1993, renovation, villa, loft, chateau, extension, appartement, architecture moderne, protection du patrimoine, bâtiment anciens.","breadcrumb":{"@id":"https://www.ateliersiebold.ch/en/#breadcrumb"},"inLanguage":"en-US","potentialAction":[{"@type":"ReadAction","target":["https://www.ateliersiebold.ch/en/"]}]},{"@type":"BreadcrumbList","@id":"https://www.ateliersiebold.ch/en/#breadcrumb","itemListElement":[{"@type":"ListItem","position":1,"name":"Accueil","item":"https://www.ateliersiebold.ch/en/"},{"@type":"ListItem","position":2,"name":"Home"}]},{"@type":"WebSite","@id":"https://www.ateliersiebold.ch/#website","url":"https://www.ateliersiebold.ch/","name":"Atelier Siebold","description":"Architectes - Genève","potentialAction":[{"@type":"SearchAction","target":{"@type":"EntryPoint","urlTemplate":"https://www.ateliersiebold.ch/?s={search_term_string}"},"query-input":"required name=search_term_string"}],"inLanguage":"en-US"}]}</script>
<!-- / Yoast SEO plugin. -->

Architecte Genève, renovation, villa, loft, chateau, extension, appartement, maison

Architecte à Genève depuis 1993, renovation, villa, loft, chateau, extension, appartement, architecture moderne, protection du patrimoine, bâtiment anciens.

Architectes - Genève
