{"id":4449,"date":"2017-10-16T13:23:15","date_gmt":"2017-10-16T11:23:15","guid":{"rendered":"http:\/\/www.ateliersiebold.ch\/?page_id=4449"},"modified":"2019-03-22T12:39:20","modified_gmt":"2019-03-22T11:39:20","slug":"about-us","status":"publish","type":"page","link":"https:\/\/www.ateliersiebold.ch\/en\/about-us\/","title":{"rendered":"Architect Geneva"},"content":{"rendered":"<section class=\"wpb-content-wrapper\"><p>[vc_row][vc_column reveal_effect=&#8221;fadeIn&#8221; reveal_duration=&#8221;0.7&#8243;][lab_heading title_tag=&#8221;H1&#8243; title=&#8221;The studio.&#8221;]Architects in Geneva since 1993.[\/lab_heading][\/vc_column][\/vc_row][vc_row css=&#8221;.vc_custom_1426246378123{margin-bottom: 0px !important;}&#8221;][vc_column width=&#8221;1\/2&#8243; reveal_effect=&#8221;fadeIn&#8221; reveal_duration=&#8221;1&#8243; css=&#8221;.vc_custom_1491822236225{margin-right: 30px !important;padding-right: 30px !important;}&#8221;][vc_separator color=&#8221;white&#8221;][vc_column_text]<\/p>\n<h4>Area of interest.<\/h4>\n<p>We have 25 years of experience in new housing and building restoration.<br \/>\nThe work of the studio is based on a foundation of committed, thoughtful<br \/>\nand creative design. We believe a good project is an alchemy between<br \/>\nall the people involved in the whole process.<\/p>\n<p>We are actively involved in each stage\u00a0of a project from the initial concept,<br \/>\nthrough completion.<\/p>\n<p>We are constantly engaged in\u00a0design solutions with a real understanding of traditional and new buildings. We like their context, history and function,<br \/>\nwe estimate new and traditional material collaboration.<\/p>\n<p>Ancient and modern buildings\u00a0relationship, their connections, their beauty<br \/>\nand how they have been brought to live together with respect of each other.[\/vc_column_text][vc_separator color=&#8221;white&#8221;][vc_column_text]<\/p>\n<h4>The partners.<\/h4>\n<p><strong>Boris Siebold<\/strong> architect Geneva.<br \/>\nArchitect REG A, Switzerland.<\/p>\n<p>Commissioned architect.<br \/>\nForeign Affairs Switzerland 2013 \/ 2018.<\/p>\n<p>Professor at Geneva for draughtswoman and draughtsman. Expert for final exams.<\/p>\n<p><strong>Svetlana Siebold<\/strong> architect Geneva.<br \/>\nState University of Architecture and Civil Engineering of Saint-Petersburg, Russia.<br \/>\nDESS, Ecole Nationale Sup\u00e9rieure d&#8217;Architecture<br \/>\nde Nancy, France[\/vc_column_text][vc_separator color=&#8221;white&#8221;][vc_column_text]<\/p>\n<h4>Languages.<\/h4>\n<p>We can follow projects in french, english, russian and german.[\/vc_column_text][vc_separator color=&#8221;white&#8221;][vc_column_text]<\/p>\n<h4>People.<\/h4>\n<p>Colleagues since 1993 working on the studio projects.<\/p>\n<p>Adrien Barakat<br \/>\nSelen Yildirim<br \/>\nCorentin Schulthess<br \/>\nYasmine Zemp<br \/>\nAurore Shaeffer<br \/>\nDavid Sousa<br \/>\nNatalia Malyukova<br \/>\nNancy Julio Vilali<br \/>\nEva Willenegger<br \/>\nGa\u00ebl Prost<br \/>\nEva Fischer<br \/>\nJeanne Vo\u00fbte<br \/>\nLaurine Dubouchet<br \/>\nEmeline Herrera<br \/>\nC\u00e9line Alram<br \/>\nCatherine Gaughran<br \/>\nAna Rita Sarzedas Rocha<br \/>\nDavid Sousa<br \/>\nRaul Monferrer<br \/>\nSandra Kupkova<br \/>\nStefano Strambaci<br \/>\nClaire Chabrol<br \/>\nEline Gaudet-Traffy<br \/>\nMathilde Tavernier<br \/>\nLuca Improta[\/vc_column_text][\/vc_column][vc_column width=&#8221;1\/2&#8243; reveal_effect=&#8221;fadeIn&#8221; reveal_duration=&#8221;1&#8243; css=&#8221;.vc_custom_1427234139084{margin-right: 0px !important;padding-right: 0px !important;}&#8221;][vc_single_image image=&#8221;4316&#8243; img_size=&#8221;full&#8221; css=&#8221;.vc_custom_1507675933582{margin-bottom: 0px !important;}&#8221;][vc_separator color=&#8221;white&#8221;][vc_single_image image=&#8221;4317&#8243; img_size=&#8221;full&#8221; css=&#8221;.vc_custom_1507282919464{margin-bottom: 0px !important;}&#8221;][vc_separator color=&#8221;white&#8221;][vc_single_image image=&#8221;4315&#8243; img_size=&#8221;full&#8221; css=&#8221;.vc_custom_1507282830614{margin-bottom: 0px !important;}&#8221;][vc_separator color=&#8221;white&#8221;][\/vc_column][\/vc_row]<\/p>\n<\/section>","protected":false},"excerpt":{"rendered":"<p>[vc_row][vc_column reveal_effect=&#8221;fadeIn&#8221; reveal_duration=&#8221;0.7&#8243;][lab_heading title_tag=&#8221;H1&#8243; title=&#8221;The studio.&#8221;]Architects in Geneva since 1993.[\/lab_heading][\/vc_column][\/vc_row][vc_row css=&#8221;.vc_custom_1426246378123{margin-bottom: 0px !important;}&#8221;][vc_column width=&#8221;1\/2&#8243; reveal_effect=&#8221;fadeIn&#8221; reveal_duration=&#8221;1&#8243; css=&#8221;.vc_custom_1491822236225{margin-right: 30px !important;padding-right: 30px !important;}&#8221;][vc_separator color=&#8221;white&#8221;][vc_column_text] Area of interest. We have 25 years of experience in new housing and building restoration. The work of the studio is based on a foundation of committed, thoughtful and creative design. We believe&hellip;<\/p>\n","protected":false},"author":1,"featured_media":0,"parent":0,"menu_order":0,"comment_status":"open","ping_status":"closed","template":"","meta":{"_acf_changed":false,"footnotes":""},"class_list":["post-4449","page","type-page","status-publish","hentry"],"acf":[],"yoast_head":"<!-- This site is optimized with the Yoast SEO plugin v20.0 - https:\/\/yoast.com\/wordpress\/plugins\/seo\/ -->\n<title>Architect Geneva - Atelier Siebold<\/title>\n<meta name=\"description\" content=\"Architecte \u00e0 Gen\u00e8ve l&#039;atelier transformation villa r\u00e9novation restauration neuf moderne ambassade france geneve maison ferme chateau ch\u00e2teau patrimoine\" \/>\n<meta name=\"robots\" content=\"index, follow, max-snippet:-1, max-image-preview:large, max-video-preview:-1\" \/>\n<link rel=\"canonical\" href=\"https:\/\/www.ateliersiebold.ch\/en\/about-us\/\" \/>\n<meta property=\"og:locale\" content=\"en_US\" \/>\n<meta property=\"og:type\" content=\"article\" \/>\n<meta property=\"og:title\" content=\"Architect Geneva - Atelier Siebold\" \/>\n<meta property=\"og:description\" content=\"Architecte \u00e0 Gen\u00e8ve l&#039;atelier transformation villa r\u00e9novation restauration neuf moderne ambassade france geneve maison ferme chateau ch\u00e2teau patrimoine\" \/>\n<meta property=\"og:url\" content=\"https:\/\/www.ateliersiebold.ch\/en\/about-us\/\" \/>\n<meta property=\"og:site_name\" content=\"Atelier Siebold\" \/>\n<meta property=\"article:modified_time\" content=\"2019-03-22T11:39:20+00:00\" \/>\n<meta name=\"twitter:card\" content=\"summary_large_image\" \/>\n<meta name=\"twitter:label1\" content=\"Est. reading time\" \/>\n\t<meta name=\"twitter:data1\" content=\"2 minutes\" \/>\n<script type=\"application\/ld+json\" class=\"yoast-schema-graph\">{\"@context\":\"https:\/\/schema.org\",\"@graph\":[{\"@type\":\"WebPage\",\"@id\":\"https:\/\/www.ateliersiebold.ch\/en\/about-us\/\",\"url\":\"https:\/\/www.ateliersiebold.ch\/en\/about-us\/\",\"name\":\"Architect Geneva - Atelier Siebold\",\"isPartOf\":{\"@id\":\"https:\/\/www.ateliersiebold.ch\/#website\"},\"datePublished\":\"2017-10-16T11:23:15+00:00\",\"dateModified\":\"2019-03-22T11:39:20+00:00\",\"description\":\"Architecte \u00e0 Gen\u00e8ve l'atelier transformation villa r\u00e9novation restauration neuf moderne ambassade france geneve maison ferme chateau ch\u00e2teau patrimoine\",\"breadcrumb\":{\"@id\":\"https:\/\/www.ateliersiebold.ch\/en\/about-us\/#breadcrumb\"},\"inLanguage\":\"en-US\",\"potentialAction\":[{\"@type\":\"ReadAction\",\"target\":[\"https:\/\/www.ateliersiebold.ch\/en\/about-us\/\"]}]},{\"@type\":\"BreadcrumbList\",\"@id\":\"https:\/\/www.ateliersiebold.ch\/en\/about-us\/#breadcrumb\",\"itemListElement\":[{\"@type\":\"ListItem\",\"position\":1,\"name\":\"Accueil\",\"item\":\"https:\/\/www.ateliersiebold.ch\/en\/\"},{\"@type\":\"ListItem\",\"position\":2,\"name\":\"Architect Geneva\"}]},{\"@type\":\"WebSite\",\"@id\":\"https:\/\/www.ateliersiebold.ch\/#website\",\"url\":\"https:\/\/www.ateliersiebold.ch\/\",\"name\":\"Atelier Siebold\",\"description\":\"Architectes - Gen\u00e8ve\",\"potentialAction\":[{\"@type\":\"SearchAction\",\"target\":{\"@type\":\"EntryPoint\",\"urlTemplate\":\"https:\/\/www.ateliersiebold.ch\/?s={search_term_string}\"},\"query-input\":\"required name=search_term_string\"}],\"inLanguage\":\"en-US\"}]}<\/script>\n<!-- \/ Yoast SEO plugin. -->","yoast_head_json":{"title":"Architect Geneva - Atelier Siebold","description":"Architecte \u00e0 Gen\u00e8ve l'atelier transformation villa r\u00e9novation restauration neuf moderne ambassade france geneve maison ferme chateau ch\u00e2teau patrimoine","robots":{"index":"index","follow":"follow","max-snippet":"max-snippet:-1","max-image-preview":"max-image-preview:large","max-video-preview":"max-video-preview:-1"},"canonical":"https:\/\/www.ateliersiebold.ch\/en\/about-us\/","og_locale":"en_US","og_type":"article","og_title":"Architect Geneva - Atelier Siebold","og_description":"Architecte \u00e0 Gen\u00e8ve l'atelier transformation villa r\u00e9novation restauration neuf moderne ambassade france geneve maison ferme chateau ch\u00e2teau patrimoine","og_url":"https:\/\/www.ateliersiebold.ch\/en\/about-us\/","og_site_name":"Atelier Siebold","article_modified_time":"2019-03-22T11:39:20+00:00","twitter_card":"summary_large_image","twitter_misc":{"Est. reading time":"2 minutes"},"schema":{"@context":"https:\/\/schema.org","@graph":[{"@type":"WebPage","@id":"https:\/\/www.ateliersiebold.ch\/en\/about-us\/","url":"https:\/\/www.ateliersiebold.ch\/en\/about-us\/","name":"Architect Geneva - Atelier Siebold","isPartOf":{"@id":"https:\/\/www.ateliersiebold.ch\/#website"},"datePublished":"2017-10-16T11:23:15+00:00","dateModified":"2019-03-22T11:39:20+00:00","description":"Architecte \u00e0 Gen\u00e8ve l'atelier transformation villa r\u00e9novation restauration neuf moderne ambassade france geneve maison ferme chateau ch\u00e2teau patrimoine","breadcrumb":{"@id":"https:\/\/www.ateliersiebold.ch\/en\/about-us\/#breadcrumb"},"inLanguage":"en-US","potentialAction":[{"@type":"ReadAction","target":["https:\/\/www.ateliersiebold.ch\/en\/about-us\/"]}]},{"@type":"BreadcrumbList","@id":"https:\/\/www.ateliersiebold.ch\/en\/about-us\/#breadcrumb","itemListElement":[{"@type":"ListItem","position":1,"name":"Accueil","item":"https:\/\/www.ateliersiebold.ch\/en\/"},{"@type":"ListItem","position":2,"name":"Architect Geneva"}]},{"@type":"WebSite","@id":"https:\/\/www.ateliersiebold.ch\/#website","url":"https:\/\/www.ateliersiebold.ch\/","name":"Atelier Siebold","description":"Architectes - Gen\u00e8ve","potentialAction":[{"@type":"SearchAction","target":{"@type":"EntryPoint","urlTemplate":"https:\/\/www.ateliersiebold.ch\/?s={search_term_string}"},"query-input":"required name=search_term_string"}],"inLanguage":"en-US"}]}},"_links":{"self":[{"href":"https:\/\/www.ateliersiebold.ch\/en\/wp-json\/wp\/v2\/pages\/4449","targetHints":{"allow":["GET"]}}],"collection":[{"href":"https:\/\/www.ateliersiebold.ch\/en\/wp-json\/wp\/v2\/pages"}],"about":[{"href":"https:\/\/www.ateliersiebold.ch\/en\/wp-json\/wp\/v2\/types\/page"}],"author":[{"embeddable":true,"href":"https:\/\/www.ateliersiebold.ch\/en\/wp-json\/wp\/v2\/users\/1"}],"replies":[{"embeddable":true,"href":"https:\/\/www.ateliersiebold.ch\/en\/wp-json\/wp\/v2\/comments?post=4449"}],"version-history":[{"count":13,"href":"https:\/\/www.ateliersiebold.ch\/en\/wp-json\/wp\/v2\/pages\/4449\/revisions"}],"predecessor-version":[{"id":4947,"href":"https:\/\/www.ateliersiebold.ch\/en\/wp-json\/wp\/v2\/pages\/4449\/revisions\/4947"}],"wp:attachment":[{"href":"https:\/\/www.ateliersiebold.ch\/en\/wp-json\/wp\/v2\/media?parent=4449"}],"curies":[{"name":"wp","href":"https:\/\/api.w.org\/{rel}","templated":true}]}}

<section class="wpb-content-wrapper"><p>[vc_row][vc_column reveal_effect=&#8221;fadeIn&#8221; reveal_duration=&#8221;0.7&#8243;][lab_heading title_tag=&#8221;H1&#8243; title=&#8221;The studio.&#8221;]Architects in Geneva since 1993.[/lab_heading][/vc_column][/vc_row][vc_row css=&#8221;.vc_custom_1426246378123{margin-bottom: 0px !important;}&#8221;][vc_column width=&#8221;1/2&#8243; reveal_effect=&#8221;fadeIn&#8221; reveal_duration=&#8221;1&#8243; css=&#8221;.vc_custom_1491822236225{margin-right: 30px !important;padding-right: 30px !important;}&#8221;][vc_separator color=&#8221;white&#8221;][vc_column_text]</p>
<h4>Area of interest.</h4>
<p>We have 25 years of experience in new housing and building restoration.<br />
The work of the studio is based on a foundation of committed, thoughtful<br />
and creative design. We believe a good project is an alchemy between<br />
all the people involved in the whole process.</p>
<p>We are actively involved in each stage of a project from the initial concept,<br />
through completion.</p>
<p>We are constantly engaged in design solutions with a real understanding of traditional and new buildings. We like their context, history and function,<br />
we estimate new and traditional material collaboration.</p>
<p>Ancient and modern buildings relationship, their connections, their beauty<br />
and how they have been brought to live together with respect of each other.[/vc_column_text][vc_separator color=&#8221;white&#8221;][vc_column_text]</p>
<h4>The partners.</h4>
<p><strong>Boris Siebold</strong> architect Geneva.<br />
Architect REG A, Switzerland.</p>
<p>Commissioned architect.<br />
Foreign Affairs Switzerland 2013 / 2018.</p>
<p>Professor at Geneva for draughtswoman and draughtsman. Expert for final exams.</p>
<p><strong>Svetlana Siebold</strong> architect Geneva.<br />
State University of Architecture and Civil Engineering of Saint-Petersburg, Russia.<br />
DESS, Ecole Nationale Supérieure d&#8217;Architecture<br />
de Nancy, France[/vc_column_text][vc_separator color=&#8221;white&#8221;][vc_column_text]</p>
<h4>Languages.</h4>
<p>We can follow projects in french, english, russian and german.[/vc_column_text][vc_separator color=&#8221;white&#8221;][vc_column_text]</p>
<h4>People.</h4>
<p>Colleagues since 1993 working on the studio projects.</p>
<p>Adrien Barakat<br />
Selen Yildirim<br />
Corentin Schulthess<br />
Yasmine Zemp<br />
Aurore Shaeffer<br />
David Sousa<br />
Natalia Malyukova<br />
Nancy Julio Vilali<br />
Eva Willenegger<br />
Gaël Prost<br />
Eva Fischer<br />
Jeanne Voûte<br />
Laurine Dubouchet<br />
Emeline Herrera<br />
Céline Alram<br />
Catherine Gaughran<br />
Ana Rita Sarzedas Rocha<br />
David Sousa<br />
Raul Monferrer<br />
Sandra Kupkova<br />
Stefano Strambaci<br />
Claire Chabrol<br />
Eline Gaudet-Traffy<br />
Mathilde Tavernier<br />
Luca Improta[/vc_column_text][/vc_column][vc_column width=&#8221;1/2&#8243; reveal_effect=&#8221;fadeIn&#8221; reveal_duration=&#8221;1&#8243; css=&#8221;.vc_custom_1427234139084{margin-right: 0px !important;padding-right: 0px !important;}&#8221;][vc_single_image image=&#8221;4316&#8243; img_size=&#8221;full&#8221; css=&#8221;.vc_custom_1507675933582{margin-bottom: 0px !important;}&#8221;][vc_separator color=&#8221;white&#8221;][vc_single_image image=&#8221;4317&#8243; img_size=&#8221;full&#8221; css=&#8221;.vc_custom_1507282919464{margin-bottom: 0px !important;}&#8221;][vc_separator color=&#8221;white&#8221;][vc_single_image image=&#8221;4315&#8243; img_size=&#8221;full&#8221; css=&#8221;.vc_custom_1507282830614{margin-bottom: 0px !important;}&#8221;][vc_separator color=&#8221;white&#8221;][/vc_column][/vc_row]</p>
</section>

<!-- This site is optimized with the Yoast SEO plugin v20.0 - https://yoast.com/wordpress/plugins/seo/ -->
<title>Architect Geneva - Atelier Siebold</title>
<meta name="description" content="Architecte à Genève l&#039;atelier transformation villa rénovation restauration neuf moderne ambassade france geneve maison ferme chateau château patrimoine" />
<meta name="robots" content="index, follow, max-snippet:-1, max-image-preview:large, max-video-preview:-1" />
<link rel="canonical" href="https://www.ateliersiebold.ch/en/about-us/" />
<meta property="og:locale" content="en_US" />
<meta property="og:type" content="article" />
<meta property="og:title" content="Architect Geneva - Atelier Siebold" />
<meta property="og:description" content="Architecte à Genève l&#039;atelier transformation villa rénovation restauration neuf moderne ambassade france geneve maison ferme chateau château patrimoine" />
<meta property="og:url" content="https://www.ateliersiebold.ch/en/about-us/" />
<meta property="og:site_name" content="Atelier Siebold" />
<meta property="article:modified_time" content="2019-03-22T11:39:20+00:00" />
<meta name="twitter:card" content="summary_large_image" />
<meta name="twitter:label1" content="Est. reading time" />
	<meta name="twitter:data1" content="2 minutes" />
<script type="application/ld+json" class="yoast-schema-graph">{"@context":"https://schema.org","@graph":[{"@type":"WebPage","@id":"https://www.ateliersiebold.ch/en/about-us/","url":"https://www.ateliersiebold.ch/en/about-us/","name":"Architect Geneva - Atelier Siebold","isPartOf":{"@id":"https://www.ateliersiebold.ch/#website"},"datePublished":"2017-10-16T11:23:15+00:00","dateModified":"2019-03-22T11:39:20+00:00","description":"Architecte à Genève l'atelier transformation villa rénovation restauration neuf moderne ambassade france geneve maison ferme chateau château patrimoine","breadcrumb":{"@id":"https://www.ateliersiebold.ch/en/about-us/#breadcrumb"},"inLanguage":"en-US","potentialAction":[{"@type":"ReadAction","target":["https://www.ateliersiebold.ch/en/about-us/"]}]},{"@type":"BreadcrumbList","@id":"https://www.ateliersiebold.ch/en/about-us/#breadcrumb","itemListElement":[{"@type":"ListItem","position":1,"name":"Accueil","item":"https://www.ateliersiebold.ch/en/"},{"@type":"ListItem","position":2,"name":"Architect Geneva"}]},{"@type":"WebSite","@id":"https://www.ateliersiebold.ch/#website","url":"https://www.ateliersiebold.ch/","name":"Atelier Siebold","description":"Architectes - Genève","potentialAction":[{"@type":"SearchAction","target":{"@type":"EntryPoint","urlTemplate":"https://www.ateliersiebold.ch/?s={search_term_string}"},"query-input":"required name=search_term_string"}],"inLanguage":"en-US"}]}</script>
<!-- / Yoast SEO plugin. -->

Architecte à Genève l'atelier transformation villa rénovation restauration neuf moderne ambassade france geneve maison ferme chateau château patrimoine

Architectes - Genève
