{"id":4602,"date":"2005-09-30T10:02:57","date_gmt":"2005-09-30T08:02:57","guid":{"rendered":"http:\/\/www.ateliersiebold.ch\/portfolio\/transformation-dune-ferme\/"},"modified":"2017-11-01T11:48:46","modified_gmt":"2017-11-01T10:48:46","slug":"transformation-dune-ferme","status":"publish","type":"portfolio","link":"https:\/\/www.ateliersiebold.ch\/en\/portfolio\/transformation-dune-ferme\/","title":{"rendered":"A barn conversion"},"content":{"rendered":"<p><strong>1994 &amp; 2005<\/strong><\/p>\n<p>This barn conversion and renovation, including the installation of a bathroom on the first floor, complete the attached house renovation realized in 1994 which allows now the entire building to be habitable.<\/p>\n","protected":false},"excerpt":{"rendered":"<p>1994 &amp; 2005 This barn conversion and renovation, including the installation of a bathroom on the first floor, complete the attached house renovation realized in 1994 which allows now the entire building to be habitable.<\/p>\n","protected":false},"author":1,"featured_media":4603,"comment_status":"open","ping_status":"closed","template":"","meta":{"_acf_changed":false,"footnotes":""},"portfolio_category":[],"portfolio_tag":[],"class_list":["post-4602","portfolio","type-portfolio","status-publish","has-post-thumbnail","hentry"],"acf":[],"yoast_head":"<!-- This site is optimized with the Yoast SEO plugin v20.0 - https:\/\/yoast.com\/wordpress\/plugins\/seo\/ -->\n<title>A barn conversion - Atelier Siebold<\/title>\n<meta name=\"description\" content=\"R\u00e9novation d&#039;une ferme par l&#039;atelier siebold architecte \u00e0 geneve en zone prot\u00e9g\u00e9e laconnex monumments et sites Gen\u00e8ve 4b 4B\" \/>\n<meta name=\"robots\" content=\"index, follow, max-snippet:-1, max-image-preview:large, max-video-preview:-1\" \/>\n<link rel=\"canonical\" href=\"https:\/\/www.ateliersiebold.ch\/en\/portfolio\/transformation-dune-ferme\/\" \/>\n<meta property=\"og:locale\" content=\"en_US\" \/>\n<meta property=\"og:type\" content=\"article\" \/>\n<meta property=\"og:title\" content=\"A barn conversion - Atelier Siebold\" \/>\n<meta property=\"og:description\" content=\"R\u00e9novation d&#039;une ferme par l&#039;atelier siebold architecte \u00e0 geneve en zone prot\u00e9g\u00e9e laconnex monumments et sites Gen\u00e8ve 4b 4B\" \/>\n<meta property=\"og:url\" content=\"https:\/\/www.ateliersiebold.ch\/en\/portfolio\/transformation-dune-ferme\/\" \/>\n<meta property=\"og:site_name\" content=\"Atelier Siebold\" \/>\n<meta property=\"article:modified_time\" content=\"2017-11-01T10:48:46+00:00\" \/>\n<meta property=\"og:image\" content=\"https:\/\/www.ateliersiebold.ch\/wp-content\/uploads\/2017\/09\/03-cheminee-renovation-ferme.jpg\" \/>\n\t<meta property=\"og:image:width\" content=\"1200\" \/>\n\t<meta property=\"og:image:height\" content=\"1200\" \/>\n\t<meta property=\"og:image:type\" content=\"image\/jpeg\" \/>\n<meta name=\"twitter:card\" content=\"summary_large_image\" \/>\n<script type=\"application\/ld+json\" class=\"yoast-schema-graph\">{\"@context\":\"https:\/\/schema.org\",\"@graph\":[{\"@type\":\"WebPage\",\"@id\":\"https:\/\/www.ateliersiebold.ch\/en\/portfolio\/transformation-dune-ferme\/\",\"url\":\"https:\/\/www.ateliersiebold.ch\/en\/portfolio\/transformation-dune-ferme\/\",\"name\":\"A barn conversion - Atelier Siebold\",\"isPartOf\":{\"@id\":\"https:\/\/www.ateliersiebold.ch\/#website\"},\"datePublished\":\"2005-09-30T08:02:57+00:00\",\"dateModified\":\"2017-11-01T10:48:46+00:00\",\"description\":\"R\u00e9novation d'une ferme par l'atelier siebold architecte \u00e0 geneve en zone prot\u00e9g\u00e9e laconnex monumments et sites Gen\u00e8ve 4b 4B\",\"breadcrumb\":{\"@id\":\"https:\/\/www.ateliersiebold.ch\/en\/portfolio\/transformation-dune-ferme\/#breadcrumb\"},\"inLanguage\":\"en-US\",\"potentialAction\":[{\"@type\":\"ReadAction\",\"target\":[\"https:\/\/www.ateliersiebold.ch\/en\/portfolio\/transformation-dune-ferme\/\"]}]},{\"@type\":\"BreadcrumbList\",\"@id\":\"https:\/\/www.ateliersiebold.ch\/en\/portfolio\/transformation-dune-ferme\/#breadcrumb\",\"itemListElement\":[{\"@type\":\"ListItem\",\"position\":1,\"name\":\"Accueil\",\"item\":\"https:\/\/www.ateliersiebold.ch\/en\/\"},{\"@type\":\"ListItem\",\"position\":2,\"name\":\"Portfolio\",\"item\":\"https:\/\/www.ateliersiebold.ch\/portfolio\/\"},{\"@type\":\"ListItem\",\"position\":3,\"name\":\"A barn conversion\"}]},{\"@type\":\"WebSite\",\"@id\":\"https:\/\/www.ateliersiebold.ch\/#website\",\"url\":\"https:\/\/www.ateliersiebold.ch\/\",\"name\":\"Atelier Siebold\",\"description\":\"Architectes - Gen\u00e8ve\",\"potentialAction\":[{\"@type\":\"SearchAction\",\"target\":{\"@type\":\"EntryPoint\",\"urlTemplate\":\"https:\/\/www.ateliersiebold.ch\/?s={search_term_string}\"},\"query-input\":\"required name=search_term_string\"}],\"inLanguage\":\"en-US\"}]}<\/script>\n<!-- \/ Yoast SEO plugin. -->","yoast_head_json":{"title":"A barn conversion - Atelier Siebold","description":"R\u00e9novation d'une ferme par l'atelier siebold architecte \u00e0 geneve en zone prot\u00e9g\u00e9e laconnex monumments et sites Gen\u00e8ve 4b 4B","robots":{"index":"index","follow":"follow","max-snippet":"max-snippet:-1","max-image-preview":"max-image-preview:large","max-video-preview":"max-video-preview:-1"},"canonical":"https:\/\/www.ateliersiebold.ch\/en\/portfolio\/transformation-dune-ferme\/","og_locale":"en_US","og_type":"article","og_title":"A barn conversion - Atelier Siebold","og_description":"R\u00e9novation d'une ferme par l'atelier siebold architecte \u00e0 geneve en zone prot\u00e9g\u00e9e laconnex monumments et sites Gen\u00e8ve 4b 4B","og_url":"https:\/\/www.ateliersiebold.ch\/en\/portfolio\/transformation-dune-ferme\/","og_site_name":"Atelier Siebold","article_modified_time":"2017-11-01T10:48:46+00:00","og_image":[{"width":1200,"height":1200,"url":"https:\/\/www.ateliersiebold.ch\/wp-content\/uploads\/2017\/09\/03-cheminee-renovation-ferme.jpg","type":"image\/jpeg"}],"twitter_card":"summary_large_image","schema":{"@context":"https:\/\/schema.org","@graph":[{"@type":"WebPage","@id":"https:\/\/www.ateliersiebold.ch\/en\/portfolio\/transformation-dune-ferme\/","url":"https:\/\/www.ateliersiebold.ch\/en\/portfolio\/transformation-dune-ferme\/","name":"A barn conversion - Atelier Siebold","isPartOf":{"@id":"https:\/\/www.ateliersiebold.ch\/#website"},"datePublished":"2005-09-30T08:02:57+00:00","dateModified":"2017-11-01T10:48:46+00:00","description":"R\u00e9novation d'une ferme par l'atelier siebold architecte \u00e0 geneve en zone prot\u00e9g\u00e9e laconnex monumments et sites Gen\u00e8ve 4b 4B","breadcrumb":{"@id":"https:\/\/www.ateliersiebold.ch\/en\/portfolio\/transformation-dune-ferme\/#breadcrumb"},"inLanguage":"en-US","potentialAction":[{"@type":"ReadAction","target":["https:\/\/www.ateliersiebold.ch\/en\/portfolio\/transformation-dune-ferme\/"]}]},{"@type":"BreadcrumbList","@id":"https:\/\/www.ateliersiebold.ch\/en\/portfolio\/transformation-dune-ferme\/#breadcrumb","itemListElement":[{"@type":"ListItem","position":1,"name":"Accueil","item":"https:\/\/www.ateliersiebold.ch\/en\/"},{"@type":"ListItem","position":2,"name":"Portfolio","item":"https:\/\/www.ateliersiebold.ch\/portfolio\/"},{"@type":"ListItem","position":3,"name":"A barn conversion"}]},{"@type":"WebSite","@id":"https:\/\/www.ateliersiebold.ch\/#website","url":"https:\/\/www.ateliersiebold.ch\/","name":"Atelier Siebold","description":"Architectes - Gen\u00e8ve","potentialAction":[{"@type":"SearchAction","target":{"@type":"EntryPoint","urlTemplate":"https:\/\/www.ateliersiebold.ch\/?s={search_term_string}"},"query-input":"required name=search_term_string"}],"inLanguage":"en-US"}]}},"_links":{"self":[{"href":"https:\/\/www.ateliersiebold.ch\/en\/wp-json\/wp\/v2\/portfolio\/4602","targetHints":{"allow":["GET"]}}],"collection":[{"href":"https:\/\/www.ateliersiebold.ch\/en\/wp-json\/wp\/v2\/portfolio"}],"about":[{"href":"https:\/\/www.ateliersiebold.ch\/en\/wp-json\/wp\/v2\/types\/portfolio"}],"author":[{"embeddable":true,"href":"https:\/\/www.ateliersiebold.ch\/en\/wp-json\/wp\/v2\/users\/1"}],"replies":[{"embeddable":true,"href":"https:\/\/www.ateliersiebold.ch\/en\/wp-json\/wp\/v2\/comments?post=4602"}],"version-history":[{"count":6,"href":"https:\/\/www.ateliersiebold.ch\/en\/wp-json\/wp\/v2\/portfolio\/4602\/revisions"}],"predecessor-version":[{"id":4852,"href":"https:\/\/www.ateliersiebold.ch\/en\/wp-json\/wp\/v2\/portfolio\/4602\/revisions\/4852"}],"wp:featuredmedia":[{"embeddable":true,"href":"https:\/\/www.ateliersiebold.ch\/en\/wp-json\/wp\/v2\/media\/4603"}],"wp:attachment":[{"href":"https:\/\/www.ateliersiebold.ch\/en\/wp-json\/wp\/v2\/media?parent=4602"}],"wp:term":[{"taxonomy":"portfolio_category","embeddable":true,"href":"https:\/\/www.ateliersiebold.ch\/en\/wp-json\/wp\/v2\/portfolio_category?post=4602"},{"taxonomy":"portfolio_tag","embeddable":true,"href":"https:\/\/www.ateliersiebold.ch\/en\/wp-json\/wp\/v2\/portfolio_tag?post=4602"}],"curies":[{"name":"wp","href":"https:\/\/api.w.org\/{rel}","templated":true}]}}

<!-- This site is optimized with the Yoast SEO plugin v20.0 - https://yoast.com/wordpress/plugins/seo/ -->
<title>A barn conversion - Atelier Siebold</title>
<meta name="description" content="Rénovation d&#039;une ferme par l&#039;atelier siebold architecte à geneve en zone protégée laconnex monumments et sites Genève 4b 4B" />
<meta name="robots" content="index, follow, max-snippet:-1, max-image-preview:large, max-video-preview:-1" />
<link rel="canonical" href="https://www.ateliersiebold.ch/en/portfolio/transformation-dune-ferme/" />
<meta property="og:locale" content="en_US" />
<meta property="og:type" content="article" />
<meta property="og:title" content="A barn conversion - Atelier Siebold" />
<meta property="og:description" content="Rénovation d&#039;une ferme par l&#039;atelier siebold architecte à geneve en zone protégée laconnex monumments et sites Genève 4b 4B" />
<meta property="og:url" content="https://www.ateliersiebold.ch/en/portfolio/transformation-dune-ferme/" />
<meta property="og:site_name" content="Atelier Siebold" />
<meta property="article:modified_time" content="2017-11-01T10:48:46+00:00" />
<meta property="og:image" content="https://www.ateliersiebold.ch/wp-content/uploads/2017/09/03-cheminee-renovation-ferme.jpg" />
	<meta property="og:image:width" content="1200" />
	<meta property="og:image:height" content="1200" />
	<meta property="og:image:type" content="image/jpeg" />
<meta name="twitter:card" content="summary_large_image" />
<script type="application/ld+json" class="yoast-schema-graph">{"@context":"https://schema.org","@graph":[{"@type":"WebPage","@id":"https://www.ateliersiebold.ch/en/portfolio/transformation-dune-ferme/","url":"https://www.ateliersiebold.ch/en/portfolio/transformation-dune-ferme/","name":"A barn conversion - Atelier Siebold","isPartOf":{"@id":"https://www.ateliersiebold.ch/#website"},"datePublished":"2005-09-30T08:02:57+00:00","dateModified":"2017-11-01T10:48:46+00:00","description":"Rénovation d'une ferme par l'atelier siebold architecte à geneve en zone protégée laconnex monumments et sites Genève 4b 4B","breadcrumb":{"@id":"https://www.ateliersiebold.ch/en/portfolio/transformation-dune-ferme/#breadcrumb"},"inLanguage":"en-US","potentialAction":[{"@type":"ReadAction","target":["https://www.ateliersiebold.ch/en/portfolio/transformation-dune-ferme/"]}]},{"@type":"BreadcrumbList","@id":"https://www.ateliersiebold.ch/en/portfolio/transformation-dune-ferme/#breadcrumb","itemListElement":[{"@type":"ListItem","position":1,"name":"Accueil","item":"https://www.ateliersiebold.ch/en/"},{"@type":"ListItem","position":2,"name":"Portfolio","item":"https://www.ateliersiebold.ch/portfolio/"},{"@type":"ListItem","position":3,"name":"A barn conversion"}]},{"@type":"WebSite","@id":"https://www.ateliersiebold.ch/#website","url":"https://www.ateliersiebold.ch/","name":"Atelier Siebold","description":"Architectes - Genève","potentialAction":[{"@type":"SearchAction","target":{"@type":"EntryPoint","urlTemplate":"https://www.ateliersiebold.ch/?s={search_term_string}"},"query-input":"required name=search_term_string"}],"inLanguage":"en-US"}]}</script>
<!-- / Yoast SEO plugin. -->

Rénovation d'une ferme par l'atelier siebold architecte à geneve en zone protégée laconnex monumments et sites Genève 4b 4B

Architectes - Genève
