{"id":5949,"date":"2018-12-14T17:50:15","date_gmt":"2018-12-14T16:50:15","guid":{"rendered":"https:\/\/www.ateliersiebold.ch\/?post_type=portfolio&#038;p=5949"},"modified":"2019-08-09T12:18:26","modified_gmt":"2019-08-09T10:18:26","slug":"residence-of-the-swiss-ambassador-to-the-kingdom-of-belgium","status":"publish","type":"portfolio","link":"https:\/\/www.ateliersiebold.ch\/en\/portfolio\/residence-of-the-swiss-ambassador-to-the-kingdom-of-belgium\/","title":{"rendered":"A ambassador residence"},"content":{"rendered":"<p><strong>2019 &#8211; 2020<\/strong><\/p>\n<p>Residence of the Swiss Ambassador to the Kingdom of Belgium<\/p>\n<p>Representation of the owner<\/p>\n<p>Partial interior renovations of the residence.<\/p>\n<p>Building adaptations by a set of proposals for thermal insulation improvements.<\/p>\n<p>Proposals with strong added value in terms of saving fossil energy consumption for heating the building. Fire safety ans security improvement.<\/p>\n<p>Local architect, Ma2<\/p>\n<p><a href=\"https:\/\/www.ma2.be\/en\/\">Ma2 website<\/a><\/p>\n<p>Ongoing project.<\/p>\n","protected":false},"excerpt":{"rendered":"<p>2019 &#8211; 2020 Residence of the Swiss Ambassador to the Kingdom of Belgium Representation of the owner Partial interior renovations of the residence. Building adaptations by a set of proposals for thermal insulation improvements. Proposals with strong added value in terms of saving fossil energy consumption for heating the building. Fire safety ans security improvement.&hellip;<\/p>\n","protected":false},"author":2,"featured_media":5934,"comment_status":"closed","ping_status":"closed","template":"","meta":{"_acf_changed":false,"footnotes":""},"portfolio_category":[],"portfolio_tag":[],"class_list":["post-5949","portfolio","type-portfolio","status-publish","has-post-thumbnail","hentry"],"acf":[],"yoast_head":"<!-- This site is optimized with the Yoast SEO plugin v20.0 - https:\/\/yoast.com\/wordpress\/plugins\/seo\/ -->\n<title>A ambassador residence - Atelier Siebold<\/title>\n<meta name=\"description\" content=\"R\u00e9novation de la r\u00e9sidence suisse de l&#039;ambassadeur au Royaume de Belgique \u00e0 Bruxelles par l&#039;atelier Siebold architecte \u00e0 Gen\u00e8ve\" \/>\n<meta name=\"robots\" content=\"index, follow, max-snippet:-1, max-image-preview:large, max-video-preview:-1\" \/>\n<link rel=\"canonical\" href=\"https:\/\/www.ateliersiebold.ch\/en\/portfolio\/residence-of-the-swiss-ambassador-to-the-kingdom-of-belgium\/\" \/>\n<meta property=\"og:locale\" content=\"en_US\" \/>\n<meta property=\"og:type\" content=\"article\" \/>\n<meta property=\"og:title\" content=\"A ambassador residence - Atelier Siebold\" \/>\n<meta property=\"og:description\" content=\"R\u00e9novation de la r\u00e9sidence suisse de l&#039;ambassadeur au Royaume de Belgique \u00e0 Bruxelles par l&#039;atelier Siebold architecte \u00e0 Gen\u00e8ve\" \/>\n<meta property=\"og:url\" content=\"https:\/\/www.ateliersiebold.ch\/en\/portfolio\/residence-of-the-swiss-ambassador-to-the-kingdom-of-belgium\/\" \/>\n<meta property=\"og:site_name\" content=\"Atelier Siebold\" \/>\n<meta property=\"article:modified_time\" content=\"2019-08-09T10:18:26+00:00\" \/>\n<meta property=\"og:image\" content=\"https:\/\/www.ateliersiebold.ch\/wp-content\/uploads\/2018\/12\/swiss-residence-belgium.jpg\" \/>\n\t<meta property=\"og:image:width\" content=\"1200\" \/>\n\t<meta property=\"og:image:height\" content=\"1799\" \/>\n\t<meta property=\"og:image:type\" content=\"image\/jpeg\" \/>\n<meta name=\"twitter:card\" content=\"summary_large_image\" \/>\n<script type=\"application\/ld+json\" class=\"yoast-schema-graph\">{\"@context\":\"https:\/\/schema.org\",\"@graph\":[{\"@type\":\"WebPage\",\"@id\":\"https:\/\/www.ateliersiebold.ch\/en\/portfolio\/residence-of-the-swiss-ambassador-to-the-kingdom-of-belgium\/\",\"url\":\"https:\/\/www.ateliersiebold.ch\/en\/portfolio\/residence-of-the-swiss-ambassador-to-the-kingdom-of-belgium\/\",\"name\":\"A ambassador residence - Atelier Siebold\",\"isPartOf\":{\"@id\":\"https:\/\/www.ateliersiebold.ch\/#website\"},\"datePublished\":\"2018-12-14T16:50:15+00:00\",\"dateModified\":\"2019-08-09T10:18:26+00:00\",\"description\":\"R\u00e9novation de la r\u00e9sidence suisse de l'ambassadeur au Royaume de Belgique \u00e0 Bruxelles par l'atelier Siebold architecte \u00e0 Gen\u00e8ve\",\"breadcrumb\":{\"@id\":\"https:\/\/www.ateliersiebold.ch\/en\/portfolio\/residence-of-the-swiss-ambassador-to-the-kingdom-of-belgium\/#breadcrumb\"},\"inLanguage\":\"en-US\",\"potentialAction\":[{\"@type\":\"ReadAction\",\"target\":[\"https:\/\/www.ateliersiebold.ch\/en\/portfolio\/residence-of-the-swiss-ambassador-to-the-kingdom-of-belgium\/\"]}]},{\"@type\":\"BreadcrumbList\",\"@id\":\"https:\/\/www.ateliersiebold.ch\/en\/portfolio\/residence-of-the-swiss-ambassador-to-the-kingdom-of-belgium\/#breadcrumb\",\"itemListElement\":[{\"@type\":\"ListItem\",\"position\":1,\"name\":\"Accueil\",\"item\":\"https:\/\/www.ateliersiebold.ch\/en\/\"},{\"@type\":\"ListItem\",\"position\":2,\"name\":\"Portfolio\",\"item\":\"https:\/\/www.ateliersiebold.ch\/portfolio\/\"},{\"@type\":\"ListItem\",\"position\":3,\"name\":\"A ambassador residence\"}]},{\"@type\":\"WebSite\",\"@id\":\"https:\/\/www.ateliersiebold.ch\/#website\",\"url\":\"https:\/\/www.ateliersiebold.ch\/\",\"name\":\"Atelier Siebold\",\"description\":\"Architectes - Gen\u00e8ve\",\"potentialAction\":[{\"@type\":\"SearchAction\",\"target\":{\"@type\":\"EntryPoint\",\"urlTemplate\":\"https:\/\/www.ateliersiebold.ch\/?s={search_term_string}\"},\"query-input\":\"required name=search_term_string\"}],\"inLanguage\":\"en-US\"}]}<\/script>\n<!-- \/ Yoast SEO plugin. -->","yoast_head_json":{"title":"A ambassador residence - Atelier Siebold","description":"R\u00e9novation de la r\u00e9sidence suisse de l'ambassadeur au Royaume de Belgique \u00e0 Bruxelles par l'atelier Siebold architecte \u00e0 Gen\u00e8ve","robots":{"index":"index","follow":"follow","max-snippet":"max-snippet:-1","max-image-preview":"max-image-preview:large","max-video-preview":"max-video-preview:-1"},"canonical":"https:\/\/www.ateliersiebold.ch\/en\/portfolio\/residence-of-the-swiss-ambassador-to-the-kingdom-of-belgium\/","og_locale":"en_US","og_type":"article","og_title":"A ambassador residence - Atelier Siebold","og_description":"R\u00e9novation de la r\u00e9sidence suisse de l'ambassadeur au Royaume de Belgique \u00e0 Bruxelles par l'atelier Siebold architecte \u00e0 Gen\u00e8ve","og_url":"https:\/\/www.ateliersiebold.ch\/en\/portfolio\/residence-of-the-swiss-ambassador-to-the-kingdom-of-belgium\/","og_site_name":"Atelier Siebold","article_modified_time":"2019-08-09T10:18:26+00:00","og_image":[{"width":1200,"height":1799,"url":"https:\/\/www.ateliersiebold.ch\/wp-content\/uploads\/2018\/12\/swiss-residence-belgium.jpg","type":"image\/jpeg"}],"twitter_card":"summary_large_image","schema":{"@context":"https:\/\/schema.org","@graph":[{"@type":"WebPage","@id":"https:\/\/www.ateliersiebold.ch\/en\/portfolio\/residence-of-the-swiss-ambassador-to-the-kingdom-of-belgium\/","url":"https:\/\/www.ateliersiebold.ch\/en\/portfolio\/residence-of-the-swiss-ambassador-to-the-kingdom-of-belgium\/","name":"A ambassador residence - Atelier Siebold","isPartOf":{"@id":"https:\/\/www.ateliersiebold.ch\/#website"},"datePublished":"2018-12-14T16:50:15+00:00","dateModified":"2019-08-09T10:18:26+00:00","description":"R\u00e9novation de la r\u00e9sidence suisse de l'ambassadeur au Royaume de Belgique \u00e0 Bruxelles par l'atelier Siebold architecte \u00e0 Gen\u00e8ve","breadcrumb":{"@id":"https:\/\/www.ateliersiebold.ch\/en\/portfolio\/residence-of-the-swiss-ambassador-to-the-kingdom-of-belgium\/#breadcrumb"},"inLanguage":"en-US","potentialAction":[{"@type":"ReadAction","target":["https:\/\/www.ateliersiebold.ch\/en\/portfolio\/residence-of-the-swiss-ambassador-to-the-kingdom-of-belgium\/"]}]},{"@type":"BreadcrumbList","@id":"https:\/\/www.ateliersiebold.ch\/en\/portfolio\/residence-of-the-swiss-ambassador-to-the-kingdom-of-belgium\/#breadcrumb","itemListElement":[{"@type":"ListItem","position":1,"name":"Accueil","item":"https:\/\/www.ateliersiebold.ch\/en\/"},{"@type":"ListItem","position":2,"name":"Portfolio","item":"https:\/\/www.ateliersiebold.ch\/portfolio\/"},{"@type":"ListItem","position":3,"name":"A ambassador residence"}]},{"@type":"WebSite","@id":"https:\/\/www.ateliersiebold.ch\/#website","url":"https:\/\/www.ateliersiebold.ch\/","name":"Atelier Siebold","description":"Architectes - Gen\u00e8ve","potentialAction":[{"@type":"SearchAction","target":{"@type":"EntryPoint","urlTemplate":"https:\/\/www.ateliersiebold.ch\/?s={search_term_string}"},"query-input":"required name=search_term_string"}],"inLanguage":"en-US"}]}},"_links":{"self":[{"href":"https:\/\/www.ateliersiebold.ch\/en\/wp-json\/wp\/v2\/portfolio\/5949","targetHints":{"allow":["GET"]}}],"collection":[{"href":"https:\/\/www.ateliersiebold.ch\/en\/wp-json\/wp\/v2\/portfolio"}],"about":[{"href":"https:\/\/www.ateliersiebold.ch\/en\/wp-json\/wp\/v2\/types\/portfolio"}],"author":[{"embeddable":true,"href":"https:\/\/www.ateliersiebold.ch\/en\/wp-json\/wp\/v2\/users\/2"}],"replies":[{"embeddable":true,"href":"https:\/\/www.ateliersiebold.ch\/en\/wp-json\/wp\/v2\/comments?post=5949"}],"version-history":[{"count":9,"href":"https:\/\/www.ateliersiebold.ch\/en\/wp-json\/wp\/v2\/portfolio\/5949\/revisions"}],"predecessor-version":[{"id":6817,"href":"https:\/\/www.ateliersiebold.ch\/en\/wp-json\/wp\/v2\/portfolio\/5949\/revisions\/6817"}],"wp:featuredmedia":[{"embeddable":true,"href":"https:\/\/www.ateliersiebold.ch\/en\/wp-json\/wp\/v2\/media\/5934"}],"wp:attachment":[{"href":"https:\/\/www.ateliersiebold.ch\/en\/wp-json\/wp\/v2\/media?parent=5949"}],"wp:term":[{"taxonomy":"portfolio_category","embeddable":true,"href":"https:\/\/www.ateliersiebold.ch\/en\/wp-json\/wp\/v2\/portfolio_category?post=5949"},{"taxonomy":"portfolio_tag","embeddable":true,"href":"https:\/\/www.ateliersiebold.ch\/en\/wp-json\/wp\/v2\/portfolio_tag?post=5949"}],"curies":[{"name":"wp","href":"https:\/\/api.w.org\/{rel}","templated":true}]}}

<!-- This site is optimized with the Yoast SEO plugin v20.0 - https://yoast.com/wordpress/plugins/seo/ -->
<title>A ambassador residence - Atelier Siebold</title>
<meta name="description" content="Rénovation de la résidence suisse de l&#039;ambassadeur au Royaume de Belgique à Bruxelles par l&#039;atelier Siebold architecte à Genève" />
<meta name="robots" content="index, follow, max-snippet:-1, max-image-preview:large, max-video-preview:-1" />
<link rel="canonical" href="https://www.ateliersiebold.ch/en/portfolio/residence-of-the-swiss-ambassador-to-the-kingdom-of-belgium/" />
<meta property="og:locale" content="en_US" />
<meta property="og:type" content="article" />
<meta property="og:title" content="A ambassador residence - Atelier Siebold" />
<meta property="og:description" content="Rénovation de la résidence suisse de l&#039;ambassadeur au Royaume de Belgique à Bruxelles par l&#039;atelier Siebold architecte à Genève" />
<meta property="og:url" content="https://www.ateliersiebold.ch/en/portfolio/residence-of-the-swiss-ambassador-to-the-kingdom-of-belgium/" />
<meta property="og:site_name" content="Atelier Siebold" />
<meta property="article:modified_time" content="2019-08-09T10:18:26+00:00" />
<meta property="og:image" content="https://www.ateliersiebold.ch/wp-content/uploads/2018/12/swiss-residence-belgium.jpg" />
	<meta property="og:image:width" content="1200" />
	<meta property="og:image:height" content="1799" />
	<meta property="og:image:type" content="image/jpeg" />
<meta name="twitter:card" content="summary_large_image" />
<script type="application/ld+json" class="yoast-schema-graph">{"@context":"https://schema.org","@graph":[{"@type":"WebPage","@id":"https://www.ateliersiebold.ch/en/portfolio/residence-of-the-swiss-ambassador-to-the-kingdom-of-belgium/","url":"https://www.ateliersiebold.ch/en/portfolio/residence-of-the-swiss-ambassador-to-the-kingdom-of-belgium/","name":"A ambassador residence - Atelier Siebold","isPartOf":{"@id":"https://www.ateliersiebold.ch/#website"},"datePublished":"2018-12-14T16:50:15+00:00","dateModified":"2019-08-09T10:18:26+00:00","description":"Rénovation de la résidence suisse de l'ambassadeur au Royaume de Belgique à Bruxelles par l'atelier Siebold architecte à Genève","breadcrumb":{"@id":"https://www.ateliersiebold.ch/en/portfolio/residence-of-the-swiss-ambassador-to-the-kingdom-of-belgium/#breadcrumb"},"inLanguage":"en-US","potentialAction":[{"@type":"ReadAction","target":["https://www.ateliersiebold.ch/en/portfolio/residence-of-the-swiss-ambassador-to-the-kingdom-of-belgium/"]}]},{"@type":"BreadcrumbList","@id":"https://www.ateliersiebold.ch/en/portfolio/residence-of-the-swiss-ambassador-to-the-kingdom-of-belgium/#breadcrumb","itemListElement":[{"@type":"ListItem","position":1,"name":"Accueil","item":"https://www.ateliersiebold.ch/en/"},{"@type":"ListItem","position":2,"name":"Portfolio","item":"https://www.ateliersiebold.ch/portfolio/"},{"@type":"ListItem","position":3,"name":"A ambassador residence"}]},{"@type":"WebSite","@id":"https://www.ateliersiebold.ch/#website","url":"https://www.ateliersiebold.ch/","name":"Atelier Siebold","description":"Architectes - Genève","potentialAction":[{"@type":"SearchAction","target":{"@type":"EntryPoint","urlTemplate":"https://www.ateliersiebold.ch/?s={search_term_string}"},"query-input":"required name=search_term_string"}],"inLanguage":"en-US"}]}</script>
<!-- / Yoast SEO plugin. -->

Rénovation de la résidence suisse de l'ambassadeur au Royaume de Belgique à Bruxelles par l'atelier Siebold architecte à Genève

Architectes - Genève
